{"id":581,"date":"2026-01-23T09:07:58","date_gmt":"2026-01-23T09:07:58","guid":{"rendered":"https:\/\/1490trainingclub.be\/?page_id=581"},"modified":"2026-04-17T00:38:36","modified_gmt":"2026-04-17T00:38:36","slug":"stage","status":"publish","type":"page","link":"https:\/\/1490trainingclub.be\/index.php\/stage\/","title":{"rendered":"Stage"},"content":{"rendered":"<p>[et_pb_section fb_built=\u00a0\u00bb1&Prime; _builder_version=\u00a0\u00bb4.27.4&Prime; _module_preset=\u00a0\u00bbdefault\u00a0\u00bb custom_margin=\u00a0\u00bb-64px|||||\u00a0\u00bb custom_padding=\u00a0\u00bb||0px|||\u00a0\u00bb global_colors_info=\u00a0\u00bb{}\u00a0\u00bb][et_pb_row _builder_version=\u00a0\u00bb4.27.4&Prime; _module_preset=\u00a0\u00bbdefault\u00a0\u00bb global_colors_info=\u00a0\u00bb{}\u00a0\u00bb][et_pb_column type=\u00a0\u00bb4_4&Prime; _builder_version=\u00a0\u00bb4.27.4&Prime; _module_preset=\u00a0\u00bbdefault\u00a0\u00bb global_colors_info=\u00a0\u00bb{}\u00a0\u00bb][et_pb_text _builder_version=\u00a0\u00bb4.27.4&Prime; _module_preset=\u00a0\u00bbdefault\u00a0\u00bb custom_padding=\u00a0\u00bb24px|||||\u00a0\u00bb global_colors_info=\u00a0\u00bb{}\u00a0\u00bb]<\/p>\n<h2 data-start=\"149\" data-end=\"198\"><span style=\"color: #e7411d;\">Stage printemps enfants \u2013 du 06 juillet au 10 juillet<\/span><\/h2>\n<h3 data-start=\"199\" data-end=\"233\">Sport, cr\u00e9ativit\u00e9 et plaisir<\/h3>\n<p data-start=\"234\" data-end=\"265\"><strong data-start=\"234\" data-end=\"265\">Attention : places limit\u00e9es &#8211; Inscriptions jusqu&rsquo;au 15 avril.<\/strong><\/p>\n<p data-start=\"267\" data-end=\"464\">Pendant la premi\u00e8re semaine des vacances de d\u00e9tente, le 1490 Training Club organise un stage enfants de 3,5 \u00e0 17 ans du lundi 06 juillet au vendredi 10 juillet, destin\u00e9 \u00e0 offrir une semaine active, ludique et \u00e9quilibr\u00e9e.<\/p>\n<p data-start=\"466\" data-end=\"678\">Ce stage combine des activit\u00e9s sportives inspir\u00e9es de l\u2019univers HYROX, des moments cr\u00e9atifs et des ateliers autour de la pr\u00e9paration de collations saines, le tout dans un cadre s\u00e9curis\u00e9 et encadr\u00e9 par des coachs.<\/p>\n<h2 data-start=\"680\" data-end=\"695\">Au programme<\/h2>\n<p data-start=\"697\" data-end=\"1120\">Tout au long de la semaine, les enfants alterneront entre des activit\u00e9s sportives adapt\u00e9es \u00e0 leur \u00e2ge, ax\u00e9es sur le mouvement, l\u2019agilit\u00e9 et l\u2019esprit d\u2019\u00e9quipe, des moments plus calmes avec des ateliers de bricolage et de cr\u00e9ativit\u00e9, ainsi que la d\u00e9couverte de bonnes habitudes alimentaires via la pr\u00e9paration de collations saines.<\/p>\n<p data-start=\"697\" data-end=\"1120\">L\u2019objectif est de proposer un \u00e9quilibre entre d\u00e9pense physique, apprentissage et amusement.<\/p>\n<h2 data-start=\"1122\" data-end=\"1147\">Informations pratiques<\/h2>\n<p class=\"cvGsUA direction-ltr align-justify para-style-body\"><span class=\"a_GcMg font-feature-liga-off font-feature-clig-off font-feature-calt-off text-decoration-none text-strikethrough-none\">Dates : du lundi 06 juillet au vendredi 10 juillet<\/span><\/p>\n<p class=\"cvGsUA direction-ltr align-justify para-style-body\"><span class=\"a_GcMg font-feature-liga-off font-feature-clig-off font-feature-calt-off text-decoration-none text-strikethrough-none\">Possibilit\u00e9 pour les 13-17 ans de ne venir que les apr\u00e8s-midi<\/span><\/p>\n<p class=\"cvGsUA direction-ltr align-justify para-style-body\"><span class=\"a_GcMg font-feature-liga-off font-feature-clig-off font-feature-calt-off text-decoration-none text-strikethrough-none\">Horaires : de 9h \u00e0 16h (garderie de 8h30 \u00e0 16h30)<\/span><\/p>\n<p class=\"cvGsUA direction-ltr align-justify para-style-body\"><span class=\"a_GcMg font-feature-liga-off font-feature-clig-off font-feature-calt-off text-decoration-none text-strikethrough-none\">Prix : 140 \u20ac par enfant pour la semaine<\/span><\/p>\n<p class=\"cvGsUA direction-ltr align-justify para-style-body\"><span class=\"a_GcMg font-feature-liga-off font-feature-clig-off font-feature-calt-off text-decoration-none text-strikethrough-none\">Possible \u00e0 la journ\u00e9e (40\u20ac) ou \u00bd journ\u00e9e (25\u20ac)<\/span><\/p>\n<p data-start=\"1374\" data-end=\"1560\"><strong data-start=\"1374\" data-end=\"1405\">Attention : places limit\u00e9es<\/strong><\/p>\n<p data-start=\"1374\" data-end=\"1560\">Le stage sera organis\u00e9 sous r\u00e9serve d\u2019un nombre suffisant d\u2019inscriptions. Nous nous r\u00e9servons la possibilit\u00e9 d\u2019annuler en cas de demandes insuffisantes.<\/p>\n<h2 data-start=\"1562\" data-end=\"1574\">\u00c0 pr\u00e9voir<\/h2>\n<p data-start=\"1576\" data-end=\"1702\">Une tenue sportive confortable<br data-start=\"1606\" data-end=\"1609\" \/>Des baskets propres pour l\u2019int\u00e9rieur<br data-start=\"1645\" data-end=\"1648\" \/>Un pique-nique pour le temps de midi<br data-start=\"1684\" data-end=\"1687\" \/>Une collation<\/p>\n<p data-start=\"1704\" data-end=\"1767\">Une collation saine est offerte chaque jour par l\u2019organisation.<\/p>\n<h2 data-start=\"1769\" data-end=\"1784\">Inscriptions<\/h2>\n<p data-start=\"1786\" data-end=\"1977\">Les inscriptions sont ouvertes d\u00e8s maintenant via le formulaire de contact ou par mail \u00e0 contact@1490trainingclub.be<\/p>\n<p>[\/et_pb_text][\/et_pb_column][\/et_pb_row][et_pb_row _builder_version=\u00a0\u00bb4.27.4&Prime; _module_preset=\u00a0\u00bbdefault\u00a0\u00bb custom_padding=\u00a0\u00bb0px|||||\u00a0\u00bb global_colors_info=\u00a0\u00bb{}\u00a0\u00bb][et_pb_column type=\u00a0\u00bb4_4&Prime; _builder_version=\u00a0\u00bb4.27.4&Prime; _module_preset=\u00a0\u00bbdefault\u00a0\u00bb global_colors_info=\u00a0\u00bb{}\u00a0\u00bb][et_pb_button _builder_version=\u00a0\u00bb4.27.4&Prime; _module_preset=\u00a0\u00bbdefault\u00a0\u00bb global_colors_info=\u00a0\u00bb{}\u00a0\u00bb][\/et_pb_button][et_pb_button button_url=\u00a0\u00bb@ET-DC@eyJkeW5hbWljIjp0cnVlLCJjb250ZW50IjoicG9zdF9saW5rX3VybF9wYWdlIiwic2V0dGluZ3MiOnsicG9zdF9pZCI6IjQ1In19@\u00a0\u00bb button_text=\u00a0\u00bbInscription\u00a0\u00bb _builder_version=\u00a0\u00bb4.27.4&Prime; _dynamic_attributes=\u00a0\u00bbbutton_url\u00a0\u00bb _module_preset=\u00a0\u00bbdefault\u00a0\u00bb global_colors_info=\u00a0\u00bb{}\u00a0\u00bb][\/et_pb_button][\/et_pb_column][\/et_pb_row][\/et_pb_section]<\/p>\n","protected":false},"excerpt":{"rendered":"<p>Stage printemps enfants \u2013 du 06 juillet au 10 juillet Sport, cr\u00e9ativit\u00e9 et plaisir Attention : places limit\u00e9es &#8211; Inscriptions jusqu&rsquo;au 15 avril. Pendant la premi\u00e8re semaine des vacances de d\u00e9tente, le 1490 Training Club organise un stage enfants de 3,5 \u00e0 17 ans du lundi 06 juillet au vendredi 10 juillet, destin\u00e9 \u00e0 offrir [&hellip;]<\/p>\n","protected":false},"author":1,"featured_media":0,"parent":0,"menu_order":0,"comment_status":"closed","ping_status":"closed","template":"","meta":{"_et_pb_use_builder":"on","_et_pb_old_content":"","_et_gb_content_width":"","footnotes":""},"class_list":["post-581","page","type-page","status-publish","hentry"],"_links":{"self":[{"href":"https:\/\/1490trainingclub.be\/index.php\/wp-json\/wp\/v2\/pages\/581","targetHints":{"allow":["GET"]}}],"collection":[{"href":"https:\/\/1490trainingclub.be\/index.php\/wp-json\/wp\/v2\/pages"}],"about":[{"href":"https:\/\/1490trainingclub.be\/index.php\/wp-json\/wp\/v2\/types\/page"}],"author":[{"embeddable":true,"href":"https:\/\/1490trainingclub.be\/index.php\/wp-json\/wp\/v2\/users\/1"}],"replies":[{"embeddable":true,"href":"https:\/\/1490trainingclub.be\/index.php\/wp-json\/wp\/v2\/comments?post=581"}],"version-history":[{"count":9,"href":"https:\/\/1490trainingclub.be\/index.php\/wp-json\/wp\/v2\/pages\/581\/revisions"}],"predecessor-version":[{"id":711,"href":"https:\/\/1490trainingclub.be\/index.php\/wp-json\/wp\/v2\/pages\/581\/revisions\/711"}],"wp:attachment":[{"href":"https:\/\/1490trainingclub.be\/index.php\/wp-json\/wp\/v2\/media?parent=581"}],"curies":[{"name":"wp","href":"https:\/\/api.w.org\/{rel}","templated":true}]}}

<p>[et_pb_section fb_built= »1&Prime; _builder_version= »4.27.4&Prime; _module_preset= »default » custom_margin= »-64px||||| » custom_padding= »||0px||| » global_colors_info= »{} »][et_pb_row _builder_version= »4.27.4&Prime; _module_preset= »default » global_colors_info= »{} »][et_pb_column type= »4_4&Prime; _builder_version= »4.27.4&Prime; _module_preset= »default » global_colors_info= »{} »][et_pb_text _builder_version= »4.27.4&Prime; _module_preset= »default » custom_padding= »24px||||| » global_colors_info= »{} »]</p>
<h2 data-start="149" data-end="198"><span style="color: #e7411d;">Stage printemps enfants – du 06 juillet au 10 juillet</span></h2>
<h3 data-start="199" data-end="233">Sport, créativité et plaisir</h3>
<p data-start="234" data-end="265"><strong data-start="234" data-end="265">Attention : places limitées &#8211; Inscriptions jusqu&rsquo;au 15 avril.</strong></p>
<p data-start="267" data-end="464">Pendant la première semaine des vacances de détente, le 1490 Training Club organise un stage enfants de 3,5 à 17 ans du lundi 06 juillet au vendredi 10 juillet, destiné à offrir une semaine active, ludique et équilibrée.</p>
<p data-start="466" data-end="678">Ce stage combine des activités sportives inspirées de l’univers HYROX, des moments créatifs et des ateliers autour de la préparation de collations saines, le tout dans un cadre sécurisé et encadré par des coachs.</p>
<h2 data-start="680" data-end="695">Au programme</h2>
<p data-start="697" data-end="1120">Tout au long de la semaine, les enfants alterneront entre des activités sportives adaptées à leur âge, axées sur le mouvement, l’agilité et l’esprit d’équipe, des moments plus calmes avec des ateliers de bricolage et de créativité, ainsi que la découverte de bonnes habitudes alimentaires via la préparation de collations saines.</p>
<p data-start="697" data-end="1120">L’objectif est de proposer un équilibre entre dépense physique, apprentissage et amusement.</p>
<h2 data-start="1122" data-end="1147">Informations pratiques</h2>
<p class="cvGsUA direction-ltr align-justify para-style-body"><span class="a_GcMg font-feature-liga-off font-feature-clig-off font-feature-calt-off text-decoration-none text-strikethrough-none">Dates : du lundi 06 juillet au vendredi 10 juillet</span></p>
<p class="cvGsUA direction-ltr align-justify para-style-body"><span class="a_GcMg font-feature-liga-off font-feature-clig-off font-feature-calt-off text-decoration-none text-strikethrough-none">Possibilité pour les 13-17 ans de ne venir que les après-midi</span></p>
<p class="cvGsUA direction-ltr align-justify para-style-body"><span class="a_GcMg font-feature-liga-off font-feature-clig-off font-feature-calt-off text-decoration-none text-strikethrough-none">Horaires : de 9h à 16h (garderie de 8h30 à 16h30)</span></p>
<p class="cvGsUA direction-ltr align-justify para-style-body"><span class="a_GcMg font-feature-liga-off font-feature-clig-off font-feature-calt-off text-decoration-none text-strikethrough-none">Prix : 140 € par enfant pour la semaine</span></p>
<p class="cvGsUA direction-ltr align-justify para-style-body"><span class="a_GcMg font-feature-liga-off font-feature-clig-off font-feature-calt-off text-decoration-none text-strikethrough-none">Possible à la journée (40€) ou ½ journée (25€)</span></p>
<p data-start="1374" data-end="1560"><strong data-start="1374" data-end="1405">Attention : places limitées</strong></p>
<p data-start="1374" data-end="1560">Le stage sera organisé sous réserve d’un nombre suffisant d’inscriptions. Nous nous réservons la possibilité d’annuler en cas de demandes insuffisantes.</p>
<h2 data-start="1562" data-end="1574">À prévoir</h2>
<p data-start="1576" data-end="1702">Une tenue sportive confortable<br data-start="1606" data-end="1609" />Des baskets propres pour l’intérieur<br data-start="1645" data-end="1648" />Un pique-nique pour le temps de midi<br data-start="1684" data-end="1687" />Une collation</p>
<p data-start="1704" data-end="1767">Une collation saine est offerte chaque jour par l’organisation.</p>
<h2 data-start="1769" data-end="1784">Inscriptions</h2>
<p data-start="1786" data-end="1977">Les inscriptions sont ouvertes dès maintenant via le formulaire de contact ou par mail à contact@1490trainingclub.be</p>
<p>[/et_pb_text][/et_pb_column][/et_pb_row][et_pb_row _builder_version= »4.27.4&Prime; _module_preset= »default » custom_padding= »0px||||| » global_colors_info= »{} »][et_pb_column type= »4_4&Prime; _builder_version= »4.27.4&Prime; _module_preset= »default » global_colors_info= »{} »][et_pb_button _builder_version= »4.27.4&Prime; _module_preset= »default » global_colors_info= »{} »][/et_pb_button][et_pb_button button_url= »@ET-DC@eyJkeW5hbWljIjp0cnVlLCJjb250ZW50IjoicG9zdF9saW5rX3VybF9wYWdlIiwic2V0dGluZ3MiOnsicG9zdF9pZCI6IjQ1In19@ » button_text= »Inscription » _builder_version= »4.27.4&Prime; _dynamic_attributes= »button_url » _module_preset= »default » global_colors_info= »{} »][/et_pb_button][/et_pb_column][/et_pb_row][/et_pb_section]</p>

<p>Stage printemps enfants – du 06 juillet au 10 juillet Sport, créativité et plaisir Attention : places limitées &#8211; Inscriptions jusqu&rsquo;au 15 avril. Pendant la première semaine des vacances de détente, le 1490 Training Club organise un stage enfants de 3,5 à 17 ans du lundi 06 juillet au vendredi 10 juillet, destiné à offrir [&hellip;]</p>
